{"id":981,"date":"2018-12-11T12:34:18","date_gmt":"2018-12-11T12:34:18","guid":{"rendered":"http:\/\/convenient.ro\/?page_id=981"},"modified":"2018-12-11T16:38:39","modified_gmt":"2018-12-11T16:38:39","slug":"infiintare-srl","status":"publish","type":"page","link":"https:\/\/convenient.ro\/index.php\/infiintare-srl\/","title":{"rendered":"INFIINTARE S.R.L."},"content":{"rendered":"<h3><strong>Documentele necesare pentru \u00eenregistrarea \u00een registrul comer\u0163ului, \u00eenregistrarea fiscal\u0103 \u015fi autorizarea func\u0163ion\u0103rii societ\u0103\u0163ii \u00een nume colectiv, in comandit\u0103 simpl\u0103 \u015fi cu r\u0103spundere limitat\u0103<\/strong><\/h3>\n<p><strong>Opera\u0163iuni prealabile<\/strong><\/p>\n<ol>\n<li>Cererea de verificare disponibilitate \u015fi\/sau rezervare firm\u0103 (original),\u00a0completat\u0103 cu 3 denumiri, \u00een ordinea preferin\u0163elor, respectiv de verificare disponibilitate \u015fi\/sau rezervare emblem\u0103<\/li>\n<\/ol>\n<p><strong>\u00cenregistrare<\/strong><\/p>\n<ol>\n<li>Cererea de \u00eenregistrare (original) ;<\/li>\n<li>Anexa 1 privind \u00eenregistrarea fiscal\u0103 \u015fi, dup\u0103 caz, Anexa 2 privind investi\u0163ia str\u0103in\u0103;<a href=\"https:\/\/www.onrc.ro\/formulare\/anexa_2_investitie_straina.pdf\"><br \/>\n<\/a><\/li>\n<li>Declara\u0163ia-tip pe propria r\u0103spundere semnat\u0103 de asocia\u0163i sau de administratori din care s\u0103 rezulte, dup\u0103 caz, c\u0103:\n<ul>\n<li>persoana juridic\u0103 nu desf\u0103\u015foar\u0103 la sediul social, la sediile secundare sau \u00een afara acestora, activit\u0103\u0163ile declarate, o perioad\u0103 de maximum 3 ani ;<\/li>\n<li>persoana juridic\u0103 \u00eendepline\u015fte condi\u0163iile de func\u0163ionare prev\u0103zute de legisla\u0163ia specific\u0103 \u00een domeniul sanitar, sanitar-veterinar, protec\u0163iei mediului \u015fi protec\u0163iei muncii pentru activit\u0103\u0163ile precizate \u00een declara\u0163ia-tip ;<\/li>\n<\/ul>\n<\/li>\n<li>Dovada verific\u0103rii disponibilit\u0103\u0163ii \u015fi rezerv\u0103rii firmei (original);<\/li>\n<li>Dac\u0103 este cazul, acordul pentru utilizarea denumirii, prev\u0103zut de art. 39 din Legea nr. 26\/1990, republicat\u0103, cu modific\u0103rile \u015fi complet\u0103rile ulterioare (original);<\/li>\n<li>Declara\u0163ia c\u0103 persoana are calitatea de asociat unic \u00eentr-o singur\u0103 societate cu r\u0103spundere limitat\u0103 sau c\u0103 societatea cu r\u0103spundere limitat\u0103 cu asociat unic nu este asociat unic \u00een alt\u0103 societate cu r\u0103spundere limitat\u0103 (original) ;<\/li>\n<li>Actul constitutiv (original)<\/li>\n<li>Documentul care atest\u0103 dreptul de folosin\u0163\u0103 asupra spa\u0163iului cu destina\u0163ie de sediu social (copie);<\/li>\n<li>Cererea adresat\u0103 ANAF \u00een vederea ob\u0163inerii certificatului emis de administra\u0163ia financiar\u0103 competent\u0103, care certific\u0103 faptul c\u0103 pentru imobilul cu destina\u0163ie de sediu social nu a fost \u00eenregistrat un alt document pentru \u00eenstr\u0103inarea dreptului de folosin\u0163\u0103 asupra aceluia\u015fi imobil, cu titlu oneros sau gratuit ;<\/li>\n<li>Declara\u0163ia pe propria r\u0103spundere \u00een form\u0103 autentic\u0103 privind respectarea condi\u0163iilor referitoare la sediul social, \u00een cazul \u00een care, din certificatul emis potrivit pct. 9 rezult\u0103 c\u0103 sunt deja \u00eenregistrate la administra\u0163ia financiar\u0103 alte documente care atest\u0103 \u00eenstr\u0103inarea dreptului de folosin\u0163\u0103 asupra aceluia\u015fi imobil cu destina\u0163ie de sediu social ;<\/li>\n<li>Dovezile privind efectuarea v\u0103rs\u0103mintelor aporturilor subscrise de asocia\u0163i la capitalul social (copii) ;<\/li>\n<li>Actele privind proprietatea pentru aporturile \u00een natur\u0103 subscrise \u015fi v\u0103rsate la constituire; \u00een cazul \u00een care printre acestea se afla \u015fi imobile, certificatul constatator al sarcinilor de care sunt grevate (copii certificate);<\/li>\n<li>Declara\u0163iile date pe propria r\u0103spundere, dup\u0103 caz, de c\u0103tre fondatori\/administratori\/cenzori sau persoane fizice reprezentante ale persoanei juridice numit\u0103 administrator sau cenzor, din care s\u0103 rezulte c\u0103 \u00eendeplinesc condi\u0163iile legale pentru de\u0163inerea acestor calit\u0103\u0163i (original) ;<\/li>\n<li>Actele de identitate ale fondatorilor, administratorilor, cenzorilor sau auditorilor persoane fizice (copie);<\/li>\n<li>Specimenele de semn\u0103tur\u0103 ale reprezentan\u0163ilor societ\u0103\u0163ii (original) ;<\/li>\n<li>Dup\u0103 caz, declara\u0163ia autentic\u0103 pe propria r\u0103spundere a persoanei fizice cet\u0103\u0163ean str\u0103in \u00een nume propriu sau ca reprezentant al persoanei juridice str\u0103ine care nu este \u00eenregistrat\u0103 fiscal \u00een Rom\u00e2nia, \u00een original \u015fi, dup\u0103 caz, traducerea realizat\u0103 de un traduc\u0103tor autorizat a c\u0103rui semn\u0103tur\u0103 s\u0103 fie legalizat\u0103 de un notar public;<\/li>\n<li>Dac\u0103 este cazul:\n<ul>\n<li>actele de \u00eenregistrare ale fondatorilor, administratorilor, cenzorilor persoane juridice (copie certificat\u0103);<\/li>\n<li>avizul privind schimbarea destina\u0163iei imobilelor colective cu regim de locuin\u0163\u0103, prev\u0103zut de\u00a0Legea nr. 196\/2018 ;<\/li>\n<li>hot\u0103r\u00e2rea organului statutar privind participarea la constituirea societ\u0103\u0163ii a fondatorilor persoane (copie certificat\u0103);<\/li>\n<li>mandatul pentru persoana abilitat\u0103 s\u0103 semneze actul constitutiv \u00een numele \u015fi pe seama fondatorului persoan\u0103 juridic\u0103 (copie certificat\u0103);<\/li>\n<li>certificatul de bonitate a persoanelor juridice nerezidente care particip\u0103 la constituirea unei societ\u0103\u0163i, emis de o banc\u0103 sau de camera de comer\u0163 competent\u0103 din \u0163ara de na\u0163ionalitate (original \u015fi copie tradus\u0103);<\/li>\n<li>avizele prealabile prev\u0103zute de legile speciale (copie);<\/li>\n<li>\u00eemputernicire special\u0103 (\u00een form\u0103 autentic\u0103), avoca\u0163ial\u0103 sau delega\u0163ie pentru persoanele desemnate s\u0103 \u00eendeplineasc\u0103 formalit\u0103\u0163ile legale (original);<\/li>\n<\/ul>\n<\/li>\n<li>Dovezile privind plata tarifului legal<\/li>\n<\/ol>\n<p><em>Sursa: https:\/\/www.onrc.ro\/index.php\/ro\/<br \/>\n<\/em><\/p>\n<p>ONRC<\/p>\n","protected":false},"excerpt":{"rendered":"<p>Documentele necesare pentru \u00eenregistrarea \u00een registrul comer\u0163ului, \u00eenregistrarea fiscal\u0103 \u015fi autorizarea func\u0163ion\u0103rii societ\u0103\u0163ii \u00een nume colectiv, in comandit\u0103 simpl\u0103 \u015fi cu r\u0103spundere limitat\u0103 Opera\u0163iuni prealabile Cererea de verificare disponibilitate \u015fi\/sau rezervare firm\u0103 (original),\u00a0completat\u0103 cu 3 denumiri, \u00een ordinea preferin\u0163elor, respectiv de verificare disponibilitate \u015fi\/sau rezervare emblem\u0103 \u00cenregistrare Cererea de \u00eenregistrare (original) ; Anexa 1 privind [&hellip;]<\/p>\n","protected":false},"author":1,"featured_media":0,"parent":0,"menu_order":0,"comment_status":"closed","ping_status":"closed","template":"","meta":[],"_links":{"self":[{"href":"https:\/\/convenient.ro\/index.php\/wp-json\/wp\/v2\/pages\/981"}],"collection":[{"href":"https:\/\/convenient.ro\/index.php\/wp-json\/wp\/v2\/pages"}],"about":[{"href":"https:\/\/convenient.ro\/index.php\/wp-json\/wp\/v2\/types\/page"}],"author":[{"embeddable":true,"href":"https:\/\/convenient.ro\/index.php\/wp-json\/wp\/v2\/users\/1"}],"replies":[{"embeddable":true,"href":"https:\/\/convenient.ro\/index.php\/wp-json\/wp\/v2\/comments?post=981"}],"version-history":[{"count":2,"href":"https:\/\/convenient.ro\/index.php\/wp-json\/wp\/v2\/pages\/981\/revisions"}],"predecessor-version":[{"id":992,"href":"https:\/\/convenient.ro\/index.php\/wp-json\/wp\/v2\/pages\/981\/revisions\/992"}],"wp:attachment":[{"href":"https:\/\/convenient.ro\/index.php\/wp-json\/wp\/v2\/media?parent=981"}],"curies":[{"name":"wp","href":"https:\/\/api.w.org\/{rel}","templated":true}]}}